{"id":2,"date":"2024-11-21T16:46:59","date_gmt":"2024-11-21T15:46:59","guid":{"rendered":"https:\/\/grandsiam-thaimassage.de\/?page_id=2"},"modified":"2026-02-12T11:02:54","modified_gmt":"2026-02-12T10:02:54","slug":"startseite","status":"publish","type":"page","link":"https:\/\/grandsiam-thaimassage.de\/","title":{"rendered":"Grandsiam Thaimassage Schwerte"},"content":{"rendered":"\n<figure class=\"wp-block-embed is-type-video is-provider-youtube wp-block-embed-youtube wp-embed-aspect-16-9 wp-has-aspect-ratio\"><div class=\"wp-block-embed__wrapper\">\n<iframe loading=\"lazy\" title=\"Grand Siam Thaimassage25\" width=\"500\" height=\"281\" src=\"https:\/\/www.youtube.com\/embed\/pl5cRAEQeuw?feature=oembed\" frameborder=\"0\" allow=\"accelerometer; autoplay; clipboard-write; encrypted-media; gyroscope; picture-in-picture; web-share\" referrerpolicy=\"strict-origin-when-cross-origin\" allowfullscreen><\/iframe>\n<\/div><\/figure>\n\n\n<p><!-- booking container --><\/p>\n<div id=\"ix-custom-container\">\n<div class=\"ix-block ix-btn-con has-text-align-right\" data-form-reference=\"bk-overview\">\n<button id=\"button-bookings\" class=\"main-btn ix-txt-ctrl pointer bg-clr-teal-65\" style=\"min-width:220px\">Termin Buchen ><\/button>\n<\/div>\n<\/div>\n\n\n<p class=\"has-x-large-font-size\">&#8222;Grandsiam&#8220; in Schwerte. Die Anwendung der altbew\u00e4hrten Massagetechniken aus Thailand. Alle Masseurinnen, sind in thail\u00e4ndischen Fachschulen ausgebildete Fachkr\u00e4fte, die ihren Beruf seit Jahren mit Erfolg aus\u00fcben.<\/p>\n\n\n\n<p>Die Thaimassage harmonisiert das energetische Gleichgewicht von K\u00f6rper, Seele und Geist und f\u00fchrt so auf nat\u00fcrliche Weise zum Wohlbefinden. Hierbei ist das Besondere die ausgefeilte Technik und der besondere K\u00f6rpereinsatz der Masseurinnen. Die Thaimassage besteht aus passiven, aus dem Yoga \u00fcbernommenen Dehn-Steck\u00fcbungen, sanften Gelenkmanipulationen, Akupressur und Reflexzonenmassage sowie der Bearbeitung von Energielinien.                            Die Masseurin arbeitet mit Daumen und Handballendruck, mit den Armen, Ellenbogen, Beinen, F\u00fc\u00dfen und Knien.<\/p>\n\n\n\n<p><\/p>\n\n\n\n<p>Ich w\u00fcrde mich freuen auch Sie bald in meinem Studio begr\u00fc\u00dfen zu d\u00fcrfen.<\/p>\n\n\n\n<p>&#8222;Sawasdee&#8220;  Willkommen<\/p>\n\n\n\n<figure class=\"wp-block-gallery has-nested-images columns-default is-cropped wp-block-gallery-1 is-layout-flex wp-block-gallery-is-layout-flex\">\n<figure class=\"wp-block-image alignleft size-full\"><img loading=\"lazy\" decoding=\"async\" width=\"800\" height=\"450\" data-id=\"629\" src=\"https:\/\/grandsiam-thaimassage.de\/wp-content\/uploads\/2025\/08\/netz3-edited.jpg\" alt=\"\" class=\"wp-image-629\" srcset=\"https:\/\/grandsiam-thaimassage.de\/wp-content\/uploads\/2025\/08\/netz3-edited.jpg 800w, https:\/\/grandsiam-thaimassage.de\/wp-content\/uploads\/2025\/08\/netz3-edited-300x169.jpg 300w, https:\/\/grandsiam-thaimassage.de\/wp-content\/uploads\/2025\/08\/netz3-edited-768x432.jpg 768w\" sizes=\"auto, (max-width: 800px) 100vw, 800px\" \/><\/figure>\n<\/figure>\n\n\n\n<p class=\"has-text-align-center\"><strong>Buchen Sie unsere &#8222;Paarmassage&#8220; (2 Personnen gleichzeitig massieren werden)<\/strong><\/p>\n\n\n\n<p class=\"has-text-align-center\"><strong>60 Min. \u20ac 99,- gilt f\u00fcr 2<\/strong> Personen<\/p>\n\n\n\n<p class=\"has-text-align-center\"><strong>90 Min. \u20ac 139,- gilt f\u00fcr 2<\/strong> Personnen<\/p>\n\n\n<p><!-- booking container --><\/p>\n<div id=\"ix-custom-container\">\n<div class=\"ix-block ix-btn-con has-text-align-right\" data-form-reference=\"bk-overview\">\n<button id=\"button-bookings\" class=\"main-btn ix-txt-ctrl pointer bg-clr-teal-65\" style=\"min-width:220px\">Termin Buchen ><\/button>\n<\/div>\n<\/div>\n\n\n<p class=\"has-text-align-center\"><\/p>\n\n\n\n<p><\/p>\n","protected":false},"excerpt":{"rendered":"<p>Termin Buchen > &#8222;Grandsiam&#8220; in Schwerte. Die Anwendung der altbew\u00e4hrten Massagetechniken aus Thailand. Alle Masseurinnen, sind in thail\u00e4ndischen Fachschulen ausgebildete Fachkr\u00e4fte, die ihren Beruf seit Jahren mit Erfolg aus\u00fcben. Die Thaimassage harmonisiert das energetische Gleichgewicht von K\u00f6rper, Seele und Geist und f\u00fchrt so auf nat\u00fcrliche Weise zum Wohlbefinden. Hierbei ist das Besondere die ausgefeilte Technik [&hellip;]<\/p>\n","protected":false},"author":1,"featured_media":0,"parent":0,"menu_order":0,"comment_status":"closed","ping_status":"open","template":"","meta":{"footnotes":""},"class_list":["post-2","page","type-page","status-publish","hentry"],"yoast_head":"<!-- This site is optimized with the Yoast SEO plugin v26.9 - https:\/\/yoast.com\/product\/yoast-seo-wordpress\/ -->\n<title>Grandsiam Thaimassage Schwerte - Grandsiam Thaimassage Schwerte<\/title>\n<meta name=\"robots\" content=\"index, follow, max-snippet:-1, max-image-preview:large, max-video-preview:-1\" \/>\n<link rel=\"canonical\" href=\"https:\/\/grandsiam-thaimassage.de\/\" \/>\n<meta property=\"og:locale\" content=\"de_DE\" \/>\n<meta property=\"og:type\" content=\"article\" \/>\n<meta property=\"og:title\" content=\"Grandsiam Thaimassage Schwerte - Grandsiam Thaimassage Schwerte\" \/>\n<meta property=\"og:description\" content=\"Termin Buchen &gt; &#8222;Grandsiam&#8220; in Schwerte. Die Anwendung der altbew\u00e4hrten Massagetechniken aus Thailand. Alle Masseurinnen, sind in thail\u00e4ndischen Fachschulen ausgebildete Fachkr\u00e4fte, die ihren Beruf seit Jahren mit Erfolg aus\u00fcben. Die Thaimassage harmonisiert das energetische Gleichgewicht von K\u00f6rper, Seele und Geist und f\u00fchrt so auf nat\u00fcrliche Weise zum Wohlbefinden. Hierbei ist das Besondere die ausgefeilte Technik [&hellip;]\" \/>\n<meta property=\"og:url\" content=\"https:\/\/grandsiam-thaimassage.de\/\" \/>\n<meta property=\"og:site_name\" content=\"Grandsiam Thaimassage Schwerte\" \/>\n<meta property=\"article:modified_time\" content=\"2026-02-12T10:02:54+00:00\" \/>\n<meta property=\"og:image\" content=\"https:\/\/grandsiam-thaimassage.de\/wp-content\/uploads\/2025\/08\/netz3-edited.jpg\" \/>\n\t<meta property=\"og:image:width\" content=\"800\" \/>\n\t<meta property=\"og:image:height\" content=\"450\" \/>\n\t<meta property=\"og:image:type\" content=\"image\/jpeg\" \/>\n<meta name=\"twitter:card\" content=\"summary_large_image\" \/>\n<meta name=\"twitter:label1\" content=\"Gesch\u00e4tzte Lesezeit\" \/>\n\t<meta name=\"twitter:data1\" content=\"1\u00a0Minute\" \/>\n<script type=\"application\/ld+json\" class=\"yoast-schema-graph\">{\"@context\":\"https:\/\/schema.org\",\"@graph\":[{\"@type\":\"WebPage\",\"@id\":\"https:\/\/grandsiam-thaimassage.de\/\",\"url\":\"https:\/\/grandsiam-thaimassage.de\/\",\"name\":\"Grandsiam Thaimassage Schwerte - Grandsiam Thaimassage Schwerte\",\"isPartOf\":{\"@id\":\"https:\/\/grandsiam-thaimassage.de\/#website\"},\"primaryImageOfPage\":{\"@id\":\"https:\/\/grandsiam-thaimassage.de\/#primaryimage\"},\"image\":{\"@id\":\"https:\/\/grandsiam-thaimassage.de\/#primaryimage\"},\"thumbnailUrl\":\"https:\/\/grandsiam-thaimassage.de\/wp-content\/uploads\/2025\/08\/netz3-edited.jpg\",\"datePublished\":\"2024-11-21T15:46:59+00:00\",\"dateModified\":\"2026-02-12T10:02:54+00:00\",\"breadcrumb\":{\"@id\":\"https:\/\/grandsiam-thaimassage.de\/#breadcrumb\"},\"inLanguage\":\"de\",\"potentialAction\":[{\"@type\":\"ReadAction\",\"target\":[\"https:\/\/grandsiam-thaimassage.de\/\"]}]},{\"@type\":\"ImageObject\",\"inLanguage\":\"de\",\"@id\":\"https:\/\/grandsiam-thaimassage.de\/#primaryimage\",\"url\":\"https:\/\/grandsiam-thaimassage.de\/wp-content\/uploads\/2025\/08\/netz3-edited.jpg\",\"contentUrl\":\"https:\/\/grandsiam-thaimassage.de\/wp-content\/uploads\/2025\/08\/netz3-edited.jpg\",\"width\":800,\"height\":450},{\"@type\":\"BreadcrumbList\",\"@id\":\"https:\/\/grandsiam-thaimassage.de\/#breadcrumb\",\"itemListElement\":[{\"@type\":\"ListItem\",\"position\":1,\"name\":\"Startseite\",\"item\":\"https:\/\/grandsiam-thaimassage.de\/\"},{\"@type\":\"ListItem\",\"position\":2,\"name\":\"Grandsiam Thaimassage Schwerte\"}]},{\"@type\":\"WebSite\",\"@id\":\"https:\/\/grandsiam-thaimassage.de\/#website\",\"url\":\"https:\/\/grandsiam-thaimassage.de\/\",\"name\":\"Grandsiam Thaimassage Schwerte\",\"description\":\"\",\"publisher\":{\"@id\":\"https:\/\/grandsiam-thaimassage.de\/#organization\"},\"potentialAction\":[{\"@type\":\"SearchAction\",\"target\":{\"@type\":\"EntryPoint\",\"urlTemplate\":\"https:\/\/grandsiam-thaimassage.de\/?s={search_term_string}\"},\"query-input\":{\"@type\":\"PropertyValueSpecification\",\"valueRequired\":true,\"valueName\":\"search_term_string\"}}],\"inLanguage\":\"de\"},{\"@type\":\"Organization\",\"@id\":\"https:\/\/grandsiam-thaimassage.de\/#organization\",\"name\":\"Grandsiam Thaimassage Schwerte\",\"url\":\"https:\/\/grandsiam-thaimassage.de\/\",\"logo\":{\"@type\":\"ImageObject\",\"inLanguage\":\"de\",\"@id\":\"https:\/\/grandsiam-thaimassage.de\/#\/schema\/logo\/image\/\",\"url\":\"https:\/\/grandsiam-thaimassage.de\/wp-content\/uploads\/2024\/11\/grand_siam_logo.png\",\"contentUrl\":\"https:\/\/grandsiam-thaimassage.de\/wp-content\/uploads\/2024\/11\/grand_siam_logo.png\",\"width\":248,\"height\":62,\"caption\":\"Grandsiam Thaimassage Schwerte\"},\"image\":{\"@id\":\"https:\/\/grandsiam-thaimassage.de\/#\/schema\/logo\/image\/\"}}]}<\/script>\n<!-- \/ Yoast SEO plugin. -->","yoast_head_json":{"title":"Grandsiam Thaimassage Schwerte - Grandsiam Thaimassage Schwerte","robots":{"index":"index","follow":"follow","max-snippet":"max-snippet:-1","max-image-preview":"max-image-preview:large","max-video-preview":"max-video-preview:-1"},"canonical":"https:\/\/grandsiam-thaimassage.de\/","og_locale":"de_DE","og_type":"article","og_title":"Grandsiam Thaimassage Schwerte - Grandsiam Thaimassage Schwerte","og_description":"Termin Buchen > &#8222;Grandsiam&#8220; in Schwerte. Die Anwendung der altbew\u00e4hrten Massagetechniken aus Thailand. Alle Masseurinnen, sind in thail\u00e4ndischen Fachschulen ausgebildete Fachkr\u00e4fte, die ihren Beruf seit Jahren mit Erfolg aus\u00fcben. Die Thaimassage harmonisiert das energetische Gleichgewicht von K\u00f6rper, Seele und Geist und f\u00fchrt so auf nat\u00fcrliche Weise zum Wohlbefinden. Hierbei ist das Besondere die ausgefeilte Technik [&hellip;]","og_url":"https:\/\/grandsiam-thaimassage.de\/","og_site_name":"Grandsiam Thaimassage Schwerte","article_modified_time":"2026-02-12T10:02:54+00:00","og_image":[{"width":800,"height":450,"url":"https:\/\/grandsiam-thaimassage.de\/wp-content\/uploads\/2025\/08\/netz3-edited.jpg","type":"image\/jpeg"}],"twitter_card":"summary_large_image","twitter_misc":{"Gesch\u00e4tzte Lesezeit":"1\u00a0Minute"},"schema":{"@context":"https:\/\/schema.org","@graph":[{"@type":"WebPage","@id":"https:\/\/grandsiam-thaimassage.de\/","url":"https:\/\/grandsiam-thaimassage.de\/","name":"Grandsiam Thaimassage Schwerte - Grandsiam Thaimassage Schwerte","isPartOf":{"@id":"https:\/\/grandsiam-thaimassage.de\/#website"},"primaryImageOfPage":{"@id":"https:\/\/grandsiam-thaimassage.de\/#primaryimage"},"image":{"@id":"https:\/\/grandsiam-thaimassage.de\/#primaryimage"},"thumbnailUrl":"https:\/\/grandsiam-thaimassage.de\/wp-content\/uploads\/2025\/08\/netz3-edited.jpg","datePublished":"2024-11-21T15:46:59+00:00","dateModified":"2026-02-12T10:02:54+00:00","breadcrumb":{"@id":"https:\/\/grandsiam-thaimassage.de\/#breadcrumb"},"inLanguage":"de","potentialAction":[{"@type":"ReadAction","target":["https:\/\/grandsiam-thaimassage.de\/"]}]},{"@type":"ImageObject","inLanguage":"de","@id":"https:\/\/grandsiam-thaimassage.de\/#primaryimage","url":"https:\/\/grandsiam-thaimassage.de\/wp-content\/uploads\/2025\/08\/netz3-edited.jpg","contentUrl":"https:\/\/grandsiam-thaimassage.de\/wp-content\/uploads\/2025\/08\/netz3-edited.jpg","width":800,"height":450},{"@type":"BreadcrumbList","@id":"https:\/\/grandsiam-thaimassage.de\/#breadcrumb","itemListElement":[{"@type":"ListItem","position":1,"name":"Startseite","item":"https:\/\/grandsiam-thaimassage.de\/"},{"@type":"ListItem","position":2,"name":"Grandsiam Thaimassage Schwerte"}]},{"@type":"WebSite","@id":"https:\/\/grandsiam-thaimassage.de\/#website","url":"https:\/\/grandsiam-thaimassage.de\/","name":"Grandsiam Thaimassage Schwerte","description":"","publisher":{"@id":"https:\/\/grandsiam-thaimassage.de\/#organization"},"potentialAction":[{"@type":"SearchAction","target":{"@type":"EntryPoint","urlTemplate":"https:\/\/grandsiam-thaimassage.de\/?s={search_term_string}"},"query-input":{"@type":"PropertyValueSpecification","valueRequired":true,"valueName":"search_term_string"}}],"inLanguage":"de"},{"@type":"Organization","@id":"https:\/\/grandsiam-thaimassage.de\/#organization","name":"Grandsiam Thaimassage Schwerte","url":"https:\/\/grandsiam-thaimassage.de\/","logo":{"@type":"ImageObject","inLanguage":"de","@id":"https:\/\/grandsiam-thaimassage.de\/#\/schema\/logo\/image\/","url":"https:\/\/grandsiam-thaimassage.de\/wp-content\/uploads\/2024\/11\/grand_siam_logo.png","contentUrl":"https:\/\/grandsiam-thaimassage.de\/wp-content\/uploads\/2024\/11\/grand_siam_logo.png","width":248,"height":62,"caption":"Grandsiam Thaimassage Schwerte"},"image":{"@id":"https:\/\/grandsiam-thaimassage.de\/#\/schema\/logo\/image\/"}}]}},"_links":{"self":[{"href":"https:\/\/grandsiam-thaimassage.de\/index.php\/wp-json\/wp\/v2\/pages\/2","targetHints":{"allow":["GET"]}}],"collection":[{"href":"https:\/\/grandsiam-thaimassage.de\/index.php\/wp-json\/wp\/v2\/pages"}],"about":[{"href":"https:\/\/grandsiam-thaimassage.de\/index.php\/wp-json\/wp\/v2\/types\/page"}],"author":[{"embeddable":true,"href":"https:\/\/grandsiam-thaimassage.de\/index.php\/wp-json\/wp\/v2\/users\/1"}],"replies":[{"embeddable":true,"href":"https:\/\/grandsiam-thaimassage.de\/index.php\/wp-json\/wp\/v2\/comments?post=2"}],"version-history":[{"count":62,"href":"https:\/\/grandsiam-thaimassage.de\/index.php\/wp-json\/wp\/v2\/pages\/2\/revisions"}],"predecessor-version":[{"id":767,"href":"https:\/\/grandsiam-thaimassage.de\/index.php\/wp-json\/wp\/v2\/pages\/2\/revisions\/767"}],"wp:attachment":[{"href":"https:\/\/grandsiam-thaimassage.de\/index.php\/wp-json\/wp\/v2\/media?parent=2"}],"curies":[{"name":"wp","href":"https:\/\/api.w.org\/{rel}","templated":true}]}}